0775.
25
Calculate the highest common factor of 896 and 3352.
8
What is the highest common factor of 9073 and 2532?
211
Calculate the highest common factor of 2862 and 30369.
159
What is the greatest common divisor of 316 and 1064446?
158
What is the greatest common factor of 2856 and 274584?
408
What is the highest common factor of 4117018 and 622?
622
What is the highest common factor of 1604309 and 147?
49
What is the highest common divisor of 992 and 328?
8
What is the highest common factor of 17675 and 5600?
175
Calculate the highest common divisor of 36329 and 485099.
2137
Calculate the highest common divisor of 7612 and 176.
44
Calculate the highest common factor of 16321 and 129709.
859
What is the greatest common divisor of 6 and 21354?
6
What is the greatest common divisor of 186 and 27094?
62
Calculate the greatest common divisor of 118 and 56286.
118
What is the highest common factor of 243 and 1904229?
81
What is the greatest common factor of 616373 and 674?
337
Calculate the highest common divisor of 36 and 29394.
18
Calculate the highest common divisor of 384118 and 322.
14
Calculate the highest common factor of 77 and 45661.
77
Calculate the highest common divisor of 2912 and 224952.
728
Calculate the greatest common divisor of 571700 and 400.
100
Calculate the highest common divisor of 83 and 12859439.
83
What is the highest common factor of 650 and 233090?
130
What is the greatest common factor of 575752 and 8216?
632
What is the highest common divisor of 2824 and 104?
8
Calculate the greatest common divisor of 1083 and 3.
3
What is the greatest common divisor of 103563 and 3663?
333
Calculate the highest common divisor of 880 and 484240.
80
Calculate the highest common factor of 232 and 2323596.
116
Calculate the highest common factor of 622425 and 225.
75
Calculate the greatest common factor of 16 and 16144.
16
What is the greatest common factor of 50 and 839975?
25
Calculate the greatest common divisor of 6615 and 3990.
105
What is the highest common factor of 125 and 7617875?
125
What is the highest common factor of 613 and 1602995?
613
Calculate the highest common factor of 720 and 12420.
180
What is the highest common divisor of 105 and 1376445?
105
Calculate the highest common factor of 45 and 276840.
45
Calculate the greatest common factor of 187 and 529771.
187
What is the greatest common factor of 230 and 64760?
10
Calculate the greatest common factor of 25 and 3767925.
25
Calculate the highest common factor of 58830 and 2590.
370
What is the highest common factor of 1800 and 18144?
72
Calculate the highest common factor of 715 and 1661.
11
What is the highest common divisor of 2635 and 88195?
155
Calculate the greatest common factor of 90 and 614970.
90
Calculate the greatest common factor of 81754 and 902.
82
Calculate the highest common divisor of 497037 and 645.
129
Calculate the highest common factor of 580 and 16588.
116
What is the greatest common factor of 3 and 8529?
3
Calculate the highest common divisor of 2048 and 12032.
256
Calculate the greatest common factor of 9368 and 2504.
8
What is the highest common factor of 24 and 15448?
8
Calculate the greatest common factor of 15958 and 632.
158
Calculate the greatest common factor of 9 and 7281.
9
Calculate the greatest common factor of 1568 and 96.
32
Calculate the highest common divisor of 203963 and 177.
59
Calculate the greatest common divisor of 44316 and 144.
36
What is the highest common factor of 284 and 190422?
142
What is the highest common factor of 13 and 23101?
13
What is the highest common divisor of 6125 and 1129450?
1225
Calculate the highest common factor of 14898 and 868668.
1146
Calculate the highest common divisor of 1018849 and 13.
13
What is the greatest common divisor of 121 and 2673?
11
Calculate the greatest common divisor of 592813 and 5239.
403
What is the highest common divisor of 372742 and 1292?
646
What is the highest common factor of 855 and 5895?
45
What is the greatest common divisor of 802944 and 82?
82
Calculate the greatest common divisor of 4900320 and 144.
144
Calculate the highest common factor of 119 and 3115.
7
Calculate the greatest common factor of 11363 and 1119772.
1033
Calculate the greatest common divisor of 714402 and 117.
117
What is the highest common divisor of 63232 and 512?
256
Calculate the greatest common divisor of 65228 and 5428.
92
What is the highest common divisor of 365 and 28908?
73
Calculate the greatest common factor of 187275 and 44.
11
Calculate the greatest common factor of 7322 and 3654.
14
Calculate the greatest common factor of 6303 and 1056.
33
Calculate the greatest common divisor of 166 and 25066.
166
Calculate the highest common divisor of 11 and 170302.
11
What is the highest common divisor of 45 and 96780?
15
What is the highest common divisor of 51376 and 32?
16
Calculate the highest common divisor of 48 and 29850.
6
What is the greatest common divisor of 117705 and 8673?
1239
What is the greatest common divisor of 1283029 and 77?
11
What is the greatest common factor of 871 and 72561?
67
What is the highest common factor of 81752 and 143?
11
What is the greatest common factor of 49569 and 1558?
41
Calculate the highest common divisor of 138844 and 5356.
412
Calculate the greatest common factor of 32 and 232240.
16
What is the greatest common divisor of 27 and 19683?
27
What is the highest common divisor of 67 and 53?
1
What is the greatest common factor of 747260 and 20?
20
Calculate the greatest common factor of 154 and 403766.
22
What is the highest common factor of 23168449 and 353?
353
Calculate the greatest common factor of 193070 and 430.
430
What is the greatest common factor of 55577 and 596?
149
Calculate the greatest common factor of 27748 and 252.
28
What is the highest common divisor of 13 and 58240?
13
Calculate the greatest common divisor of 2597 and 106.
53
Calculate the highest common factor of 12725 and 1325.
25
Calculate the greatest common factor of 24 and 74100.
12
Calculate the highest common divisor of 7 and 54817.
7
What is the greatest common factor of 56 and 88956?
28
Calculate the greatest common divisor of 393216 and 384.
384
What is the greatest common factor of 61 and 108458?
61
What is the highest common divisor of 460980 and 936?
468
What is the highest common divisor of 1042 and 334?
2
What is the greatest common divisor of 128820 and 145920?
1140
Calculate the highest common factor of 7 and 88823.
7
What is the highest common divisor of 2847 and 589548?
219
What is the greatest common divisor of 2471436 and 220?
44
What is the highest common factor of 2900 and 63075?
725
What is the highest common divisor of 1850 and 83990?
370
What is the greatest common factor of 15 and 554360?
5
Calculate the greatest common divisor of 97038 and 11381.
599
What is the greatest common factor of 2674 and 77164?
382
What is the highest common factor of 2774 and 2204?
38
What is the highest common divisor of 59 and 2863?
1
What is the highest common factor of 1320 and 744?
24
What is the greatest common factor of 1739 and 22513?
47
What is the greatest common divisor of 77 and 10659?
11
Calculate the highest common factor of 100 and 92950.
50
What is the highest common divisor of 32 and 605088?
32
Calculate the greatest common factor of 5616 and 162.
54
What is the highest common divisor of 1396882 and 23?
23
Calculate the highest common factor of 220407 and 297.
33
What is the highest common factor of 6291 and 1089?
9
What is the greatest common divisor of 104685 and 21?
21
Calculate the highest common factor of 11088 and 5376.
336
What is the greatest common factor of 212357 and 219?
73
What is the highest common factor of 556 and 866248?
556
Calculate the highest common divisor of 282 and 547221.
141
Calculate the highest common factor of 372 and 620.
124
What is the greatest common divisor of 926 and 18?
2
Calculate the greatest common factor of 2613 and 298753.
871
What is the highest common factor of 470 and 3270?
10
Calculate the greatest common divisor of 10516876 and 1388.
1388
What is the highest common divisor of 259 and 21?
7
What is the greatest common factor of 930 and 48980?
310
What is the highest common factor of 28137 and 4859?
113
What is the